prime factors of 4121.
13, 317
List the prime factors of 1041.
3, 347
List the prime factors of 20892.
2, 3, 1741
What are the prime factors of 81625?
5, 653
List the prime factors of 39873.
3, 13291
What are the prime factors of 8221?
8221
What are the prime factors of 6322?
2, 29, 109
What are the prime factors of 8962?
2, 4481
What are the prime factors of 7154?
2, 7, 73
List the prime factors of 1608.
2, 3, 67
What are the prime factors of 24528?
2, 3, 7, 73
List the prime factors of 24749.
24749
What are the prime factors of 2156?
2, 7, 11
What are the prime factors of 505?
5, 101
List the prime factors of 1267.
7, 181
List the prime factors of 26439.
3, 7, 1259
What are the prime factors of 5382?
2, 3, 13, 23
List the prime factors of 2305.
5, 461
What are the prime factors of 2063?
2063
List the prime factors of 28893.
3, 9631
What are the prime factors of 1832?
2, 229
What are the prime factors of 1359?
3, 151
List the prime factors of 33700.
2, 5, 337
What are the prime factors of 607?
607
What are the prime factors of 9527?
7, 1361
List the prime factors of 69598.
2, 17, 23, 89
List the prime factors of 547.
547
List the prime factors of 38.
2, 19
List the prime factors of 15120.
2, 3, 5, 7
List the prime factors of 42507.
3, 4723
What are the prime factors of 4247?
31, 137
What are the prime factors of 40129?
40129
What are the prime factors of 21832?
2, 2729
What are the prime factors of 7780?
2, 5, 389
List the prime factors of 3786.
2, 3, 631
List the prime factors of 7524.
2, 3, 11, 19
List the prime factors of 29933.
37, 809
What are the prime factors of 4604?
2, 1151
List the prime factors of 8269.
8269
What are the prime factors of 486?
2, 3
List the prime factors of 2446.
2, 1223
List the prime factors of 586.
2, 293
What are the prime factors of 22136?
2, 2767
List the prime factors of 46029.
3, 67, 229
What are the prime factors of 4280?
2, 5, 107
What are the prime factors of 85550?
2, 5, 29, 59
What are the prime factors of 15484?
2, 7, 79
What are the prime factors of 27165?
3, 5, 1811
List the prime factors of 1872.
2, 3, 13
List the prime factors of 66564.
2, 3, 43
What are the prime factors of 5299?
7, 757
List the prime factors of 4839.
3, 1613
What are the prime factors of 22563?
3, 23, 109
What are the prime factors of 3420?
2, 3, 5, 19
What are the prime factors of 966?
2, 3, 7, 23
What are the prime factors of 80719?
53, 1523
List the prime factors of 1034.
2, 11, 47
List the prime factors of 1550.
2, 5, 31
List the prime factors of 5205.
3, 5, 347
What are the prime factors of 31379?
31379
What are the prime factors of 453?
3, 151
List the prime factors of 4361.
7, 89
What are the prime factors of 753?
3, 251
List the prime factors of 11846.
2, 5923
List the prime factors of 124244.
2, 89, 349
What are the prime factors of 3569?
43, 83
List the prime factors of 97703.
41, 2383
List the prime factors of 63379.
61, 1039
List the prime factors of 15115.
5, 3023
List the prime factors of 58828.
2, 7, 11, 191
What are the prime factors of 693?
3, 7, 11
What are the prime factors of 667?
23, 29
List the prime factors of 2562.
2, 3, 7, 61
List the prime factors of 39342.
2, 3, 79, 83
List the prime factors of 45443.
29, 1567
What are the prime factors of 32798?
2, 23, 31
List the prime factors of 1780.
2, 5, 89
List the prime factors of 50153.
50153
List the prime factors of 70475.
5, 2819
List the prime factors of 3263.
13, 251
What are the prime factors of 85616?
2, 5351
List the prime factors of 382.
2, 191
What are the prime factors of 3379?
31, 109
List the prime factors of 5115.
3, 5, 11, 31
What are the prime factors of 4739?
7, 677
What are the prime factors of 19378?
2, 9689
List the prime factors of 507.
3, 13
List the prime factors of 118864.
2, 17, 19, 23
What are the prime factors of 5159?
7, 11, 67
What are the prime factors of 868?
2, 7, 31
List the prime factors of 6916.
2, 7, 13, 19
List the prime factors of 123108.
2, 3, 10259
List the prime factors of 49074.
2, 3, 8179
List the prime factors of 51241.
51241
What are the prime factors of 3026?
2, 17, 89
What are the prime factors of 1300?
2, 5, 13
List the prime factors of 1231.
1231
List the prime factors of 19217.
11, 1747
What are the prime factors of 3207?
3, 1069
List the prime factors of 17338.
2, 8669
What are the prime factors of 13642?
2, 19, 359
List the prime factors of 62254.
2, 17, 1831
What are the prime factors of 294?
2, 3, 7
List the prime factors of 20804.
2, 7, 743
List the prime factors of 1810.
2, 5, 181
What are the prime factors of 146?
2, 73
List the prime factors of 163690.
2, 5, 16369
What are the prime factors of 43715?
5, 7, 1249
What are the prime factors of 1142?
2, 571
What are the prime factors of 1531?
1531
List the prime factors of 216.
2, 3
List the prime factors of 6521.
6521
List the prime factors of 1327.
1327
List the prime factors of 7771.
19, 409
What are the prime factors of 2893?
11, 263
What are the prime factors of 36490?
2, 5, 41, 89
What are the prime factors of 7438?
2, 3719
List the prime factors of 91260.
2, 3, 5, 13
What are the prime factors of 8563?
8563
List the prime factors of 707.
7, 101
What are the prime factors of 248?
2, 31
What are the prime factors of 5601?
3, 1867
List the prime factors of 124.
2, 31
What are the prime factors of 568?
2, 71
List the prime factors of 5156.
2, 1289
What are the prime factors of 1030?
2, 5, 103
List the prime factors of 2159.
17, 127
List the prime factors of 3916.
2, 11, 89
What are the prime factors of 17516?
2, 29, 151
What are the prime factors of 6556?
2, 11, 149
List the prime factors of 757.
757
List the prime factors of 1335.
3, 5, 89
List the prime factors of 662.
2, 331
List the prime factors of 21347.
21347
What are the prime factors of 2734?
2, 1367
What are the prime factors of 132?
2, 3, 11
List the prime factors of 4932.
2, 3, 137
List the prime factors of 1707.
3, 569
List the prime factors of 2119.
13, 163
List the prime factors of 8474.
2, 19, 223
What are the prime factors of 13334?
2, 59, 113
List the prime factors of 23107.
7, 3301
List the prime factors of 73572.
2, 3, 6131
What are the prime factors of 875?
5, 7
What are the prime factors of 94378?
2, 47189
What are the prime factors of 1602?
2, 3, 89
List the prime factors of 78859.
11, 67, 107
What are the prime factors of 1306?
2, 653
What are the prime factors of 4755?
3, 5, 317
List the prime factors of 4367.
11, 397
What are the prime factors of 2919?
3, 7, 139
What are the prime factors of 10336?
2, 17, 19
List the prime factors of 79052.
2, 19763
List the prime factors of 8696.
2, 1087
What are the prime factors of 1058?
2, 23
What are the prime factors of 16798?
2, 37, 227
List the prime factors of 6123.
3, 13, 157
What are the prime factors of 23054?
2, 11527
List the prime factors of 1364.
2, 11, 31
What are the prime factors of 12163?
12163
What are the prime factors of 15453?
3, 17, 101
List the prime factors of 23152.
2, 1447
What are the prime factors of 1050?
2, 3, 5, 7
List the prime factors of 5626.
2, 29, 97
List the prime factors of 796.
2, 199
List the prime factors of 3576.
2, 3, 149
What are the prime factors of 1228?
2, 307
What are the prime factors of 5560?
2, 5, 139
What are the prime factors of 77622?
2, 3, 17, 761
What are the prime factors of 2834?
2, 13, 109
List the prime factors of 93195.
3, 5, 19, 109
What are the prime factors of 983?
983
What are the prime factors of 9260?
2, 5, 463
List the prime factors of 49062.
2, 3, 13, 17, 37
List the prime factors of 2258.
2, 1129
What are the prime factors of 12937?
17, 761
What are the prime factors of 65592?
2, 3, 911
List the prime factors of 33699.
3, 47, 239
What are the prime factors of 553?
7, 79
List the prime factors of 2506.
2, 7, 179
List the prime factors of 3959.
37, 107
What are the prime factors of 34?
2, 17
What are the prime factors of 8473?
37, 229
What are the prime factors of 22628?
2, 5657
What are the prime factors of 128231?
17, 19, 397
List the prime factors of 2643.
3, 881
List the prime factors of 1421.
7, 29
What are the prime factors of 3047?
11, 277
List the prime factors of 968.
2, 11
What are the prime factors of 649?
11, 59
List the prime factors of 42998.
2, 21499
List t